hat are the prime factors of 1231870?
2, 5, 47, 2621
List the prime factors of 8990632.
2, 7, 181, 887
What are the prime factors of 4148768?
2, 13, 9973
What are the prime factors of 803067?
3, 41, 6529
List the prime factors of 23551355.
5, 19, 173, 1433
What are the prime factors of 397902?
2, 3, 17, 47, 83
What are the prime factors of 24035434?
2, 79, 152123
List the prime factors of 1765316.
2, 7, 67, 941
List the prime factors of 16089816.
2, 3, 670409
What are the prime factors of 19798092?
2, 3, 47, 11701
What are the prime factors of 3712536?
2, 3, 51563
List the prime factors of 5228780.
2, 5, 261439
List the prime factors of 4055682.
2, 3, 23, 29389
List the prime factors of 5922742.
2, 7, 423053
What are the prime factors of 2705000?
2, 5, 541
List the prime factors of 7339669.
277, 26497
What are the prime factors of 4369389?
3, 359, 4057
What are the prime factors of 10420679?
23, 453073
List the prime factors of 1593422.
2, 796711
List the prime factors of 21590312.
2, 2698789
What are the prime factors of 509865?
3, 5, 19, 1789
What are the prime factors of 12299016?
2, 3, 29, 41, 431
List the prime factors of 5405714.
2, 2702857
What are the prime factors of 5733363?
3, 1911121
What are the prime factors of 8885466?
2, 3, 149, 3313
What are the prime factors of 1100691?
3, 122299
What are the prime factors of 1036890?
2, 3, 5, 41, 281
What are the prime factors of 176652?
2, 3, 7, 701
What are the prime factors of 4946294?
2, 2473147
List the prime factors of 87316.
2, 83, 263
What are the prime factors of 1123215?
3, 5, 103, 727
List the prime factors of 61801.
23, 2687
What are the prime factors of 5507182?
2, 43, 64037
List the prime factors of 8925480.
2, 3, 5, 24793
What are the prime factors of 12265546?
2, 6132773
List the prime factors of 2678670.
2, 3, 5, 3307
List the prime factors of 6434216.
2, 173, 4649
List the prime factors of 190501.
29, 6569
List the prime factors of 879561.
3, 97729
What are the prime factors of 6834930?
2, 3, 5, 137, 1663
List the prime factors of 13991556.
2, 3, 1013, 1151
List the prime factors of 3921696.
2, 3, 17, 89
List the prime factors of 35097067.
179, 196073
List the prime factors of 646077.
3, 215359
What are the prime factors of 13090916?
2, 3272729
List the prime factors of 764972.
2, 13, 47, 313
What are the prime factors of 3736290?
2, 3, 5, 124543
What are the prime factors of 1215851?
7, 13, 31, 431
List the prime factors of 2573464.
2, 43, 7481
List the prime factors of 895270.
2, 5, 89527
What are the prime factors of 1530376?
2, 191297
List the prime factors of 397011.
3, 59, 2243
List the prime factors of 472283.
7, 19, 53, 67
What are the prime factors of 1689317?
7, 373, 647
List the prime factors of 841286.
2, 547, 769
List the prime factors of 281380.
2, 5, 11, 1279
What are the prime factors of 9075304?
2, 7, 162059
List the prime factors of 153253.
331, 463
List the prime factors of 404348.
2, 7, 2063
List the prime factors of 29057663.
233, 311, 401
What are the prime factors of 790375?
5, 6323
What are the prime factors of 1546349?
7, 220907
What are the prime factors of 25699982?
2, 7, 11, 43, 3881
What are the prime factors of 2847475?
5, 113899
List the prime factors of 3005640.
2, 3, 5, 11, 23
List the prime factors of 5935151.
5935151
What are the prime factors of 10288413?
3, 53, 21569
What are the prime factors of 371040?
2, 3, 5, 773
List the prime factors of 38331497.
73, 7193
List the prime factors of 556479.
3, 7, 11, 73
What are the prime factors of 395026?
2, 263, 751
What are the prime factors of 763091?
7, 109013
List the prime factors of 279624.
2, 3, 61, 191
List the prime factors of 8975411.
1259, 7129
What are the prime factors of 624383?
293, 2131
List the prime factors of 30563166.
2, 3, 1061, 4801
List the prime factors of 26577935.
5, 131, 40577
List the prime factors of 1424176.
2, 13, 41, 167
List the prime factors of 161592.
2, 3, 6733
What are the prime factors of 737985?
3, 5, 49199
List the prime factors of 551277.
3, 61253
List the prime factors of 283385.
5, 19, 157
List the prime factors of 115645.
5, 101, 229
What are the prime factors of 12371163?
3, 7, 79, 7457
List the prime factors of 1257651.
3, 139739
List the prime factors of 13364653.
13364653
What are the prime factors of 9881421?
3, 11, 23, 47, 277
List the prime factors of 880504.
2, 110063
List the prime factors of 316264.
2, 13, 3041
What are the prime factors of 9018049?
9018049
What are the prime factors of 470873?
13, 29, 1249
What are the prime factors of 59849?
97, 617
What are the prime factors of 11842583?
11842583
What are the prime factors of 665480?
2, 5, 127, 131
List the prime factors of 2277155.
5, 455431
List the prime factors of 2065504.
2, 7, 9221
List the prime factors of 10369772.
2, 7, 191, 277
What are the prime factors of 834072?
2, 3, 23, 1511
List the prime factors of 2806609.
13, 215893
What are the prime factors of 2428872?
2, 3, 101203
List the prime factors of 2809735.
5, 561947
List the prime factors of 1129224.
2, 3, 47051
What are the prime factors of 210675?
3, 5, 53
List the prime factors of 730518.
2, 3, 109, 1117
What are the prime factors of 10811074?
2, 617, 8761
What are the prime factors of 694621?
19, 36559
What are the prime factors of 8645760?
2, 3, 5, 19, 79
List the prime factors of 2016828.
2, 3, 11, 463
What are the prime factors of 4790236?
2, 11, 108869
What are the prime factors of 999279?
3, 111031
List the prime factors of 13679310.
2, 3, 5, 455977
What are the prime factors of 523136?
2, 61, 67
List the prime factors of 626889.
3, 208963
List the prime factors of 12930542.
2, 6465271
What are the prime factors of 6014?
2, 31, 97
List the prime factors of 214823.
7, 30689
What are the prime factors of 7393581?
3, 13, 4861
What are the prime factors of 556395?
3, 5, 7, 757
What are the prime factors of 725366?
2, 97, 3739
What are the prime factors of 674037?
3, 7, 13, 823
List the prime factors of 19029353.
7, 103, 26393
List the prime factors of 11915394.
2, 3, 19, 127, 823
List the prime factors of 430222.
2, 13, 16547
List the prime factors of 248720.
2, 5, 3109
List the prime factors of 287919.
3, 31991
List the prime factors of 24584449.
24584449
What are the prime factors of 124010?
2, 5, 12401
List the prime factors of 1646332.
2, 411583
What are the prime factors of 478704?
2, 3, 9973
What are the prime factors of 1092012?
2, 3, 17, 53, 101
List the prime factors of 6112198.
2, 41, 131, 569
What are the prime factors of 408745?
5, 81749
What are the prime factors of 2895255?
3, 5, 11, 5849
What are the prime factors of 279643?
7, 13, 439
List the prime factors of 1738359.
3, 7, 41, 673
What are the prime factors of 183334?
2, 31, 2957
What are the prime factors of 3091263?
3, 7, 17, 1237
What are the prime factors of 450311?
450311
What are the prime factors of 10107652?
2, 2526913
What are the prime factors of 764067?
3, 43, 5923
List the prime factors of 299665.
5, 73, 821
What are the prime factors of 13501689?
3, 17, 264739
List the prime factors of 6314592.
2, 3, 65777
List the prime factors of 4749063.
3, 11, 23, 6257
List the prime factors of 33188893.
1213, 27361
What are the prime factors of 138643?
19, 7297
What are the prime factors of 1210882?
2, 193, 3137
What are the prime factors of 112875?
3, 5, 7, 43
List the prime factors of 276176.
2, 41, 421
What are the prime factors of 7655912?
2, 11, 719
What are the prime factors of 253310?
2, 5, 73, 347
What are the prime factors of 3342029?
47, 211, 337
List the prime factors of 39316857.
3, 13105619
List the prime factors of 6649066.
2, 31, 107243
List the prime factors of 167377.
7, 23911
List the prime factors of 25775296.
2, 402739
What are the prime factors of 1140589?
19, 173, 347
List the prime factors of 182380.
2, 5, 11, 829
What are the prime factors of 9654956?
2, 2413739
What are the prime factors of 541103?
191, 2833
List the prime factors of 219996.
2, 3, 7, 97
What are the prime factors of 4544718?
2, 3, 107, 7079
List the prime factors of 48157.
48157
List the prime factors of 331445.
5, 151, 439
What are the prime factors of 1976352?
2, 3, 7, 17, 173
What are the prime factors of 694265?
5, 11, 13, 971
List the prime factors of 2